{"id":5,"date":"2023-12-28T16:47:40","date_gmt":"2023-12-28T15:47:40","guid":{"rendered":"http:\/\/jazassur.com\/index.php\/one-page-express\/"},"modified":"2024-04-22T00:33:32","modified_gmt":"2024-04-21T22:33:32","slug":"one-page-express","status":"publish","type":"page","link":"https:\/\/jazassur.com\/","title":{"rendered":"Front Page"},"content":{"rendered":"<div  data-label=\"Debut\" data-id=\"stripped-features-overlapped-icons-section\" data-category=\"overlapable\" class=\"features-overlapped-icons-section stripped-features-overlapped-icons-section\" data-overlap=\"true\" id=\"debut\" style=\"background-color: rgb(246, 246, 246);\"> <div  class=\"\"> <div  class=\"features-overlapped-icons-featuresrow flexbox-list\" data-type=\"row\"> <div  class=\"features-large-icons-featcol cp6cols-tablet cp3cols\"> <div  class=\"features-overlapped-icons-featinnerrow\"> <div  class=\"features-icon-container\"><i  data-cp-fa=\"true\" class=\"font-icon-features-icon-container fa fa-cart-arrow-down\"><\/i> <\/div>\t<div  data-type=\"column\" class=\"\"> <h4  class=\"\">R\u00e9duire vos cotisations de 50% c\u2019est possible!<\/h4> <p  class=\"\">Les contrats propos\u00e9s par \u00ab&nbsp;JAZ ASSUR&nbsp;\u00bb \n<br >sont 50% moins chers que ceux propos\u00e9s par les groupes \n<br >bancaires et ceci sans compromis sur les garanties .\n<\/p> <\/div><\/div> <\/div> <div  class=\"features-large-icons-featcol cp6cols-tablet cp3cols\"> <div  class=\"features-overlapped-icons-featinnerrow\"> <div  class=\"features-icon-container\"><i  data-cp-fa=\"true\" class=\"font-icon-features-icon-container fa fa-gears\"><\/i> <\/div>\t<div  data-type=\"column\" class=\"\"> <h4  class=\"\">100% Transparent&nbsp;<\/h4> <p  class=\"\">Augmentez votre pouvoir d\u2019achat avec JAZ Assur : Notre comparateur vous propose jusqu\u2019a 13 compagnies, vous assurant les meilleures \u00e9conomies sur votre assurance emprunteur.<\/p> <\/div><\/div> <\/div> <div  class=\"features-large-icons-featcol cp6cols-tablet cp3cols\"> <div  class=\"features-overlapped-icons-featinnerrow\"> <div  class=\"features-icon-container\"><i  data-cp-fa=\"true\" class=\"font-icon-features-icon-container fa fa-calculator\"><\/i> <\/div>\t<div  data-type=\"column\" class=\"\"> <h4  class=\"\">100% simple, 0% tracas&nbsp;<\/h4><p  class=\"\">Grace \u00e0 la loi Lemoine JAZ Assur s\u2019occupe de tout pour vous, nous contactons nous m\u00eame votre banque et nous r\u00e9alisons le changement d\u2019assurance.\n<\/p>  <\/div><\/div> <\/div> <div  class=\"features-large-icons-featcol cp6cols-tablet cp3cols\"> <div  class=\"features-overlapped-icons-featinnerrow\"> <div  class=\"features-icon-container\"><i  data-cp-fa=\"true\" class=\"font-icon-features-icon-container fa fa-at\"><\/i> <\/div>\t<div  data-type=\"column\" class=\"\"> <h4  class=\"\">Process 100% Digital<\/h4><p  class=\"\">JAZ Assur utilise un parcours de souscription enti\u00e8rement num\u00e9rique,&nbsp;offrant une signature en ligne et un processus 100% digital pour un service rapide et sans tracas&nbsp; &nbsp; &nbsp; &nbsp; &nbsp; &nbsp; &nbsp; &nbsp; &nbsp; &nbsp; &nbsp; &nbsp; &nbsp; &nbsp; &nbsp; &nbsp; &nbsp; &nbsp;<\/p>  <\/div><\/div> <\/div> <\/div> <\/div><\/div><div  data-label=\"Simulateur\" data-id=\"content-image-left\" data-category=\"content\" class=\"content-left-image-section content-image-left\" id=\"simulateur\" style=\"background-color: rgb(246, 246, 246);\"> <div  class=\"gridContainer\"> <div  class=\"row\"> <div  class=\"content-left-image-imgcol\" data-type=\"column\">  <\/div> <div  class=\"content-left-image-textcol dynamic-color\" data-type=\"column\"> <h2  class=\"\">SIMULATEUR<\/h2> <p  class=\"large_text\"><iframe  src=\"https:\/\/www.magnolia.fr\/comparer-assurance-pret-immobilier?utm_source=23797&amp;whiteLabel=true&amp;platform=direct\" frameborder=\"0\" style=\"width: 100%; height: 100%;\"><\/iframe><\/p>  <\/div> <\/div> <\/div> <\/div><div  data-label=\"Presentation\" data-id=\"about-big-images-section\" data-category=\"about\" class=\"about-big-images-section\" id=\"presentation\" style=\"background-color: rgb(246, 246, 246);\"> <div  class=\"\"> <div  class=\"about-big-images-textrow\"> <div  class=\"about-big-images-textcol dynamic-color\" data-type=\"column\"> <h5  class=\"\">Notre Soci\u00e9t\u00e9&nbsp;<\/h5> <h3  class=\"\"><span  href=\"#\" class=\"span25\">Pr\u00e9sentation de JAZ Assur<\/span><\/h3> <p  class=\"\">Notre engagement chez JAZ Assur est de vous fournir des informations claires et de vous aider \u00e0 souscrire \u00e0 l\u2019assurance emprunteur la plus adapt\u00e9e. Nous vous aidons \u00e0 naviguer dans les eaux parfois complexes de votre cr\u00e9dit immobilier en cours, en vous orientant vers les meilleures offres qui garantissent votre tranquillit\u00e9 d\u2019esprit et votre s\u00e9curit\u00e9 financi\u00e8re sur la dur\u00e9e.<\/p>  <\/div> <\/div> <\/div> <div  class=\"about-big-images-bottomrow\"> <div  class=\"about-big-images-leftimgcol\"><img  decoding=\"async\" class=\"about-big-images-leftimg\" src=\"http:\/\/jazassur.com\/wp-content\/uploads\/2024\/01\/DALL\u00b7E-2024-01-11-15.42.48-A-drawing-in-perspective-of-a-building-styled-like-an-architectural-sketch-made-with-charcoal.-The-image-features-bold-strokes-and-shading-typical-o.png\" alt=\"\"> <\/div> <div  class=\"about-big-images-centerimgcol\"><img  decoding=\"async\" class=\"about-big-images-centerimg\" src=\"http:\/\/jazassur.com\/wp-content\/uploads\/2024\/01\/DALL\u00b7E-2024-01-11-15.27.33-An-enhanced-black-and-white-image-of-a-contract-on-a-desk-viewed-from-above.-This-version-includes-detailed-pie-charts-and-diagrams-on-the-contract-.png\" alt=\"\"> <\/div> <div  class=\"about-big-images-rightimgcol\"><img  decoding=\"async\" class=\"about-big-images-rightimg\" src=\"http:\/\/jazassur.com\/wp-content\/uploads\/2024\/01\/dalle-e-noir-et-blanc-bureau-.png\" alt=\"\"> <\/div> <\/div> <\/div><div  data-label=\"Content\" data-id=\"content-full-right-image-section\" data-category=\"content\" class=\"content-full-right-image-section\" id=\"content-2\" style=\"background-color: rgb(255, 255, 255);\"> <div  class=\"content-full-right-image-innerrow\"> <div  class=\"content-full-right-image-textcol dynamic-color\"> <div  data-type=\"column\" class=\"\">  <h2  class=\"\">Le plus court chemin faire des \u00e9conomies rapide simple et sur le long terme&nbsp;<\/h2>  <\/div> <div  class=\"content-full-right-image-featuresrow\"> <div  class=\"content-full-right-image-featurescol\" data-type=\"column\"> <h5  class=\"\">OPTIMISATION<\/h5> <p  class=\"\">Optimisez vos finances avec JAZ ASSUR : \u00c9conomisez sur votre assurance emprunteur en choisissant une solution externe \u00e0 votre banque, pour des r\u00e9ductions significatives de co\u00fbts<\/p> <h5  class=\"\">SIMPLICITE DE CHANGEMENT&nbsp;<\/h5> <p  class=\"\">JAZ Assur s\u2019occupe de tout : changez d\u2019assurance emprunteur facilement et augmentez votre pouvoir d \u2019achat sans effort.&nbsp; &nbsp; &nbsp; &nbsp; &nbsp; &nbsp; &nbsp; &nbsp; &nbsp; &nbsp; &nbsp; &nbsp; &nbsp; &nbsp; &nbsp; &nbsp; &nbsp; &nbsp; &nbsp; &nbsp; &nbsp; &nbsp; &nbsp; &nbsp; &nbsp; &nbsp; &nbsp; &nbsp; &nbsp; &nbsp; &nbsp; &nbsp; &nbsp; &nbsp; &nbsp; &nbsp; &nbsp; &nbsp; &nbsp; &nbsp; &nbsp; &nbsp; &nbsp; &nbsp;&nbsp;<\/p> <\/div> <div  class=\"content-full-right-image-featurescol\" data-type=\"column\"> <h5  class=\"\">MEILLEUR COMPARATEUR&nbsp;<\/h5> <p  class=\"\">\u00ab Maximisez votre pouvoir d\u2019achat avec JAZ Assur : Notre comparateur vous connecte instantan\u00e9ment \u00e0 13 compagnies, vous assurant les meilleures \u00e9conomies sur votre assurance emprunteur. \u00bb<\/p> <h5  class=\"\">DIGITALISATION DE L\u2019ENSEMBLE DU PROCESS<\/h5> <p  class=\"\">JAZ Assur utilise un parcours de souscription enti\u00e8rement num\u00e9rique, offrant une signature en ligne et un processus 100% digital pour un service rapide et sans                                 tracas.&nbsp; &nbsp; &nbsp; &nbsp; &nbsp; &nbsp; &nbsp; &nbsp; &nbsp; &nbsp; &nbsp; &nbsp; &nbsp; &nbsp; &nbsp; &nbsp; &nbsp; &nbsp; &nbsp; &nbsp; &nbsp; &nbsp; &nbsp; &nbsp;<\/p> <\/div> <\/div> <\/div> <div  data-bg=\"image\" class=\"content-full-right-image-imgcol\" style=\"background-image: url(&quot;http:\/\/jazassur.com\/wp-content\/uploads\/2024\/01\/Teal-Simple-Comparison-Chart-2.png&quot;);\"><\/div> <\/div><\/div><div  data-label=\"Changement Assurance\" data-id=\"features-small-image-cards-section\" data-category=\"features\" class=\"features-small-image-cards-section\" style=\"background-color: rgb(246, 246, 246);\" id=\"changement-assurance\"> <div  class=\"\"> <div  class=\"features-small-image-cards-textrow\"> <div  class=\"features-small-image-cards-textcol dynamic-color\" data-type=\"column\"> <h2  class=\"\">JAZ Assur : Votre Partenaire pour le changement d\u2019Assurance Emprunteur<\/h2> <p  class=\"\">Notre engagement chez JAZ Assur est de vous fournir des informations claires et de vous aider \u00e0 souscrire \u00e0 l\u2019assurance emprunteur la plus adapt\u00e9e. Nous vous aidons \u00e0 naviguer dans les eaux parfois complexes de votre cr\u00e9dit immobilier en cours, en vous orientant vers les meilleures offres qui garantissent votre tranquillit\u00e9 d\u2019esprit et votre s\u00e9curit\u00e9 financi\u00e8re sur la dur\u00e9e.<\/p> <\/div> <\/div> <div  class=\"features-small-image-cards-featrow dark-text\" data-type=\"row\"> <div  class=\"features-small-image-cards-featcol\"> <div  class=\"features-small-image-cards-featinnerrow flexbox-list\"> <div  class=\"features-small-image-cards-imgcol\" data-bg=\"image\" style=\"background-image: url(&quot;http:\/\/jazassur.com\/wp-content\/uploads\/2024\/01\/DALL\u00b7E-2024-01-23-09.31.33-Create-an-abstract-image-that-symbolizes-choice-ideal-for-a-financial-insurance-and-banking-website.-The-image-should-be-in-black-and-white-convey.png&quot;);\"><\/div> <div  class=\"features-small-image-cards-featcol-feattextcol\" data-type=\"column\"> <h4  class=\"heading103\">Comment Choisir la Meilleure Offre d\u2019Assurance Emprunteur?<\/h4> <p  class=\"\">Avec autant d\u2019assureurs et d\u2019offres d\u2019assurances emprunteurs sur le march\u00e9, il peut sembler difficile de choisir celle qui est ad\u00e9quate pour votre cr\u00e9dit immobilier. Heureusement, des outils comme le comparateur d\u2019assurances que nous proposons chez JAZ Assur sont l\u00e0 pour simplifier cette d\u00e9marche. Un bon comparateur d\u2019assurances vous aide \u00e0 analyser les diff\u00e9rentes garanties et les tarifs propos\u00e9s par les assureurs, permettant ainsi de comparer objectivement les devis d\u2019assurance emprunteur.&nbsp; &nbsp; &nbsp; &nbsp; &nbsp; &nbsp; &nbsp; &nbsp; &nbsp; &nbsp; &nbsp; &nbsp;<\/p> <hr  class=\"features-small-image-cards-separator\"> <\/div> <\/div> <\/div> <div  class=\"features-small-image-cards-featcol\"> <div  class=\"features-small-image-cards-featinnerrow flexbox-list\"> <div  class=\"features-small-image-cards-imgcol\" data-bg=\"image\" style=\"background-image: url(&quot;http:\/\/jazassur.com\/wp-content\/uploads\/2024\/01\/DALL\u00b7E-2024-01-23-08.51.44-Create-a-minimalistic-abstract-image-that-symbolizes-equivalence-of-guarantee-for-a-financial-insurance-and-banking-website-without-using-the-sym.png&quot;);\"><\/div> <div  class=\"features-small-image-cards-featcol-feattextcol\" data-type=\"column\"> <h4  class=\"heading103\">Les Avantages de la D\u00e9l\u00e9gation d\u2019Assurance Emprunteur ( LOI LEMOINE)<\/h4> <p  class=\"\">Changer d\u2019assurance emprunteur gr\u00e2ce \u00e0 la d\u00e9l\u00e9gation d\u2019assurance et \u00e0 la loi LEMOINE est aujourd\u2019hui une pratique courante et encourag\u00e9e par la loi. Cela vous permet de choisir un assureur diff\u00e9rent de celui de la banque, souvent avec des contrats et des tarifs plus avantageux avec des garanties \u00e0 \u00e9quivalence . JAZ Assur vous assiste dans cette d\u00e9marche, en vous fournissant toutes les informations n\u00e9cessaires ( date, contrats, couts)  pour faire le meilleur choix pour assurance emprunteur, nous nous&nbsp; s\u2019occupons de la r\u00e9siliation aupr\u00e8s du pr\u00eateur qui vous a accord\u00e9 vos pr\u00eats.<\/p> <hr  class=\"features-small-image-cards-separator\"> <\/div> <\/div> <\/div> <div  class=\"features-small-image-cards-featcol\"> <div  class=\"features-small-image-cards-featinnerrow flexbox-list\"> <div  class=\"features-small-image-cards-imgcol\" data-bg=\"image\" style=\"background-image: url(&quot;http:\/\/jazassur.com\/wp-content\/uploads\/2024\/01\/DALL\u00b7E-2024-01-23-09.27.45-Create-an-image-of-a-manuscript-page-filled-with-traditional-African-scripts-and-symbols-designed-in-a-style-that-echoes-ancient-hieroglyphics.-The-i.png&quot;);\"><\/div> <div  class=\"features-small-image-cards-featcol-feattextcol\" data-type=\"column\"> <h4  class=\"heading103\">L\u2019\u00c9quivalence des Garanties : Un Point Cl\u00e9<\/h4> <p  class=\"\">L\u2019\u00e9quivalence des garanties est une condition essentielle lorsque vous souhaitez changer d\u2019assurance emprunteur pour votre pr\u00eat immobilier. La banque exigera que les garanties de la nouvelle assurance propos\u00e9e soient au moins \u00e9quivalentes \u00e0 celles de son contrat groupe. Nous veillons \u00e0 ce que vous soyez bien inform\u00e9 des crit\u00e8res d\u2019\u00e9quivalence pour vous aider \u00e0 souscrire une assurance qui prot\u00e8ge votre capital emprunt\u00e9, tout en respectant les exigences de votre banque.<\/p> <hr  class=\"features-small-image-cards-separator\"> <\/div> <\/div> <\/div> <div  class=\"features-small-image-cards-featcol\"> <div  class=\"features-small-image-cards-featinnerrow flexbox-list\"> <div  class=\"features-small-image-cards-imgcol\" data-bg=\"image\" style=\"background-image: url(&quot;http:\/\/jazassur.com\/wp-content\/uploads\/2024\/01\/DALL\u00b7E-2024-01-19-12.10.14-Create-a-simple-and-less-detailed-abstract-image-that-symbolizes-advantages-suitable-for-a-financial-insurance-and-banking-website.-The-image-sho.png&quot;);\"><\/div> <div  class=\"features-small-image-cards-featcol-feattextcol\" data-type=\"column\"> <h4  class=\"heading103\">R\u00e9duire le Co\u00fbt de Votre Assurance Emprunteur<\/h4> <p  class=\"\">R\u00e9duire le co\u00fbt de votre assurance emprunteur est souvent une priorit\u00e9 quand vous contractez un pr\u00eat. Choisir une offre d\u2019assurance emprunteur en dehors de celle propos\u00e9e par la banque peut se traduire par des \u00e9conomies significatives, sans compromettre la couverture du capital emprunt\u00e9 ni les garanties en cas d\u2019invalidit\u00e9 ou d\u2019incapacit\u00e9. JAZ Assur est votre alli\u00e9 pour identifier les gains en co\u00fbt possible et pour choisir la meilleure offre.<\/p> <hr  class=\"features-small-image-cards-separator\"> <\/div> <\/div> <\/div> <\/div> <\/div><\/div><div  data-label=\"Etape Changement  Assurace\" data-id=\"content-full-left-image-section\" data-category=\"content\" class=\"content-full-left-image-section\" id=\"etape-changement-assurace\" style=\"background-color: rgb(255, 255, 255);\"> <div  class=\"content-full-left-image-innerrow gridContainer\"> <div  data-bg=\"image\" class=\"content-full-left-image-imgcol\" style=\"background-image: url(&quot;http:\/\/jazassur.com\/wp-content\/uploads\/2024\/01\/Project-Management-Timeline-Instagram-Post-3.png&quot;);\"><\/div> <div  class=\"content-full-left-image-textcol dynamic-color\"> <div  data-type=\"column\" class=\"\"> <h5  class=\"\">Les etapes d\u2019un changement d\u2019assurance chez:<\/h5> <h2  class=\"\">JAZ ASSUR<\/h2> <p  class=\"\">Chez JAZ Assur, nous nous sp\u00e9cialisons dans l\u2019assurance emprunteur, offrant des conseils personnalis\u00e9s et des solutions sur mesure pour nos clients. Notre expertise couvre une large gamme de produits d\u2019assurance, nous permettant de r\u00e9pondre efficacement aux besoins sp\u00e9cifiques de chaque emprunteur. Notre engagement envers un service client de qualit\u00e9 nous distingue dans le secteur, assurant que chaque client re\u00e7oit l\u2019attention et le soutien n\u00e9cessaires pour naviguer dans le complexe monde de l\u2019assurance emprunteur.<\/p> <\/div> <div  class=\"content-full-left-image-featuresrow\"> <div  class=\"content-full-left-image-featurescol\" data-type=\"column\"> <h5  class=\"\">Etape 1: Vous nous fournissez les Informations de l\u2019Emprunt Actuel<\/h5> <p  class=\"\">Vous nous fournissez les \u00e9l\u00e9ments essentiels de votre emprunt actuel.<\/p> <h5  class=\"\">\u00c9tape 2 : S\u00e9lection des Meilleures Offres d\u2019Assurance Emprunteur<\/h5> <p  class=\"\">Nous vous faisons suivre les meilleures offres d\u2019assurance emprunteur parmi nos 15 partenaires. Nous veillons au respect de la dur\u00e9e, du taux et \u00e0 l\u2019\u00e9quivalence de garantie.<\/p> <\/div> <div  class=\"content-full-left-image-featurescol\" data-type=\"column\"> <h5  class=\"\">\u00c9tape 3 : Validation de la Proposition et Prise d\u2019Effet sous 2 Mois<\/h5> <p  class=\"\">Vous validez la proposition avec une date de prise d\u2019effet \u00e0 2 mois.<\/p> <h5  class=\"\">\u00c9tape 4 : Gestion des Formalit\u00e9s Administratives et D\u00e9but des \u00c9conomies<\/h5> <p  class=\"\">Nous nous occupons des formalit\u00e9s administratives de r\u00e9siliation de l\u2019ancien contrat apr\u00e8s de votre \u00e9tablissement bancaire pr\u00eateur. D\u00e8s la prise d\u2019effet du nouveau contrat valid\u00e9 avec JAZ Assur, vos \u00e9conomies commencent.<\/p> <\/div> <\/div> <\/div> <\/div><\/div><div  data-label=\"Temoignage\" data-id=\"testimonials-full-section\" data-category=\"testimonials\" id=\"temoignage\" class=\"testimonials-full-section\" style=\"background-color: rgb(246, 246, 246);\"> <div  class=\"testimonials-full-section\"> <div  class=\"testimonials-full-textrow dynamic-color\"> <div  class=\"testimonials-full-textcol\" data-type=\"column\"> <h2  class=\"\">Temoignages de clients&nbsp;<\/h2> <p  class=\"\">\u00ab&nbsp;Rapide, Facile&nbsp;\u00bb<br ><br >\u00ab&nbsp;J\u2019ai \u00e9t\u00e9 \u00e9tonn\u00e9 par la rapidit\u00e9 et la facilit\u00e9 du processus avec JAZ Assur. Ils ont pris en charge toutes les d\u00e9marches et m\u2019ont trouv\u00e9 une assurance de pr\u00eat \u00e0 un tarif bien plus avantageux que ce que ma banque proposait. Je les recommande vivement \u00e0 tous !&nbsp;\u00bb&nbsp;<\/p> <\/div> <\/div> <div  class=\"testimonials-full-itemsrow dynamic-color\" data-type=\"row\"> <div  class=\"testimonials-full-itemcol cp4cols cp6cols-tablet\"> <div  class=\"testimonials-full-imgcol\"><img  decoding=\"async\" class=\"testimonials-full-itemimg\" data-size=\"500x500\" src=\"http:\/\/jazassur.com\/wp-content\/uploads\/2023\/12\/cropped-vue-laterale-homme-souriant-au-gymnase.png\" alt=\"\"> <\/div> <div  class=\"testimonials-full-itemtextcol\" data-type=\"column\"> <p  class=\"\">\u00ab&nbsp;Service professionnel et efficace&nbsp;\u00bb<br ><br >\u00ab&nbsp;J\u2019ai \u00e9t\u00e9 tr\u00e8s impressionn\u00e9 par le professionnalisme et l\u2019efficacit\u00e9 de JAZ Assur. Ils ont simplifi\u00e9 toute la proc\u00e9dure de souscription et m\u2019ont aid\u00e9 \u00e0 \u00e9conomiser sur mon assurance de pr\u00eat. Leur expertise est incontestable. Je les recommande vivement !&nbsp;\u00bb<\/p> <h5  class=\"testimonials-full-nametext\">Karim M.<\/h5>  <\/div> <\/div> <div  class=\"testimonials-full-itemcol cp4cols cp6cols-tablet\"> <div  class=\"testimonials-full-imgcol\"><img  decoding=\"async\" class=\"testimonials-full-itemimg\" data-size=\"500x500\" src=\"https:\/\/jazassur.com\/wp-content\/plugins\/one-page-express-companion\/theme-data\/one-page-express\/sections\/images\/face4.jpg\"> <\/div> <div  class=\"testimonials-full-itemtextcol\" data-type=\"column\"> <p  class=\"\">\u00ab&nbsp;Gr\u00e2ce \u00e0 JAZ Assur, j\u2019ai trouv\u00e9 l\u2019assurance de pr\u00eat id\u00e9ale qui r\u00e9pond \u00e0 mes besoins sp\u00e9cifiques. L\u2019\u00e9quipe \u00e9tait \u00e0 l\u2019\u00e9coute et a su me conseiller efficacement. Les \u00e9conomies r\u00e9alis\u00e9es sont substantielles. Je suis extr\u00eamement satisfaite !&nbsp;\u00bb&nbsp;<\/p> <h5  class=\"testimonials-full-nametext\">Nadia K.<\/h5>  <\/div> <\/div> <div  class=\"testimonials-full-itemcol cp4cols cp6cols-tablet\"> <div  class=\"testimonials-full-imgcol\"><img  decoding=\"async\" class=\"testimonials-full-itemimg\" data-size=\"500x500\" src=\"https:\/\/jazassur.com\/wp-content\/plugins\/one-page-express-companion\/theme-data\/one-page-express\/sections\/images\/face9.jpg\"> <\/div> <div  class=\"testimonials-full-itemtextcol\" data-type=\"column\"> <p  class=\"\">\u00ab&nbsp;Choix d\u2019Assurance Facile et Sans Souci avec JAZ Assur&nbsp;\u00bb<br ><br >\u00ab&nbsp;Choisir une assurance de pr\u00eat peut \u00eatre complexe, mais JAZ Assur a rendu l\u2019exp\u00e9rience transparente et sans stress. Leur comparateur en ligne et leur conseil personnalis\u00e9 m\u2019ont permis de faire le meilleur choix. Tr\u00e8s satisfait du service et des \u00e9conomies r\u00e9alis\u00e9es !&nbsp;\u00bb<\/p> <h5  class=\"testimonials-full-nametext\">Aaron G.<\/h5>  <\/div> <\/div> <\/div> <\/div><\/div><div  data-label=\"Contact\" data-id=\"contact-section\" data-category=\"contact\" data-bg=\"transparent\" class=\"contact-section-formsection white-text contact-section\" id=\"contact\" style=\"background-image: url(&quot;https:\/\/jazassur.com\/wp-content\/uploads\/2023\/12\/DALL%C2%B7E-2023-12-26-19.16.04-Craft-a-wide-high-quality-image-of-a-premium-open-plan-executive-office-within-a-skyscraper.-The-setting-sun-should-cast-a-subtle-glow-on-the-citysc.png&quot;); background-size: auto 876px; background-repeat: no-repeat; background-position: center top 85.1466%;\"> <div  class=\"gridContainer\"> <div  class=\"row_224\"> <div  class=\"contact-textrow\"> <div  class=\"contact-textcol dynamic-color\"> <h2  class=\"\">CONTACT<\/h2> <p  class=\"white_text\">Pour toutes questions, envoyez moi un message \u00e0 l&#8217;adresse mail&nbsp; jzcourtage@gmail.com ou par courrier \u00e0 l&#8217;adresse 16 rue cuvier 69006 Lyon ou par t\u00e9l\u00e9phone au 06 81 45 63 62<\/p> <\/div> <\/div> <\/div> <div  class=\"contact-formcol\" data-content-shortcode=\"one_page_express_contact_form shortcode=&quot;contact-form-7 id=&amp;amp;quot;37b0fff&amp;amp;quot; title=&amp;amp;quot;Formulaire de contact 1&amp;amp;quot;&quot;\" data-editable=\"true\">\n<div class=\"wpcf7 no-js\" id=\"wpcf7-f8-o1\" lang=\"fr-FR\" dir=\"ltr\">\n<div class=\"screen-reader-response\"><p role=\"status\" aria-live=\"polite\" aria-atomic=\"true\"><\/p> <ul><\/ul><\/div>\n<form action=\"\/index.php\/wp-json\/wp\/v2\/pages\/5#wpcf7-f8-o1\" method=\"post\" class=\"wpcf7-form init\" aria-label=\"Formulaire de contact\" novalidate=\"novalidate\" data-status=\"init\">\n<div style=\"display: none;\">\n<input type=\"hidden\" name=\"_wpcf7\" value=\"8\" \/>\n<input type=\"hidden\" name=\"_wpcf7_version\" value=\"5.9.3\" \/>\n<input type=\"hidden\" name=\"_wpcf7_locale\" value=\"fr_FR\" \/>\n<input type=\"hidden\" name=\"_wpcf7_unit_tag\" value=\"wpcf7-f8-o1\" \/>\n<input type=\"hidden\" name=\"_wpcf7_container_post\" value=\"0\" \/>\n<input type=\"hidden\" name=\"_wpcf7_posted_data_hash\" value=\"\" \/>\n<\/div>\n<p><label> Votre pr\u00e9nom<br \/>\n<span class=\"wpcf7-form-control-wrap\" data-name=\"your-firstname\"><input size=\"40\" class=\"wpcf7-form-control wpcf7-text wpcf7-validates-as-required\" autocomplete=\"firstname\" aria-required=\"true\" aria-invalid=\"false\" value=\"\" type=\"text\" name=\"your-firstname\" \/><\/span> <\/label>\n<\/p>\n<p><label> Votre nom<br \/>\n<span class=\"wpcf7-form-control-wrap\" data-name=\"your-name\"><input size=\"40\" class=\"wpcf7-form-control wpcf7-text wpcf7-validates-as-required\" autocomplete=\"name\" aria-required=\"true\" aria-invalid=\"false\" value=\"\" type=\"text\" name=\"your-name\" \/><\/span> <\/label>\n<\/p>\n<p><label> Votre e-mail<br \/>\n<span class=\"wpcf7-form-control-wrap\" data-name=\"your-email\"><input size=\"40\" class=\"wpcf7-form-control wpcf7-email wpcf7-validates-as-required wpcf7-text wpcf7-validates-as-email\" autocomplete=\"email\" aria-required=\"true\" aria-invalid=\"false\" value=\"\" type=\"email\" name=\"your-email\" \/><\/span> <\/label>\n<\/p>\n<p><label> Objet<br \/>\n<span class=\"wpcf7-form-control-wrap\" data-name=\"your-subject\"><input size=\"40\" class=\"wpcf7-form-control wpcf7-text wpcf7-validates-as-required\" aria-required=\"true\" aria-invalid=\"false\" value=\"\" type=\"text\" name=\"your-subject\" \/><\/span> <\/label>\n<\/p>\n<p><label> Votre message (facultatif)<br \/>\n<span class=\"wpcf7-form-control-wrap\" data-name=\"your-message\"><textarea cols=\"40\" rows=\"10\" class=\"wpcf7-form-control wpcf7-textarea wpcf7-validates-as-required\" aria-required=\"true\" aria-invalid=\"false\" name=\"your-message\"><\/textarea><\/span> <\/label>\n<\/p>\n<p><input class=\"wpcf7-form-control wpcf7-submit has-spinner\" type=\"submit\" value=\"Envoyer\" \/>\n<\/p><div class=\"wpcf7-response-output\" aria-hidden=\"true\"><\/div>\n<\/form>\n<\/div>\n<\/div> <\/div><\/div>","protected":false},"excerpt":{"rendered":"<p>R\u00e9duire vos cotisations de 50% c\u2019est possible! Les contrats propos\u00e9s par \u00ab&nbsp;JAZ ASSUR&nbsp;\u00bb sont 50% moins chers que ceux propos\u00e9s par les groupes bancaires et ceci sans compromis sur les garanties . 100% Transparent&nbsp; Augmentez votre pouvoir d\u2019achat avec JAZ Assur : Notre comparateur vous propose jusqu\u2019a 13 compagnies, vous assurant les meilleures \u00e9conomies sur&hellip; <br \/> <a class=\"button small blue\" href=\"https:\/\/jazassur.com\/index.php\/2023\/12\/28\/bonjour-tout-le-monde\/\">Read more<\/a><\/p>\n","protected":false},"author":1,"featured_media":0,"parent":0,"menu_order":0,"comment_status":"closed","ping_status":"closed","template":"","meta":{"footnotes":""},"class_list":["post-5","page","type-page","status-publish","hentry"],"_links":{"self":[{"href":"https:\/\/jazassur.com\/index.php\/wp-json\/wp\/v2\/pages\/5","targetHints":{"allow":["GET"]}}],"collection":[{"href":"https:\/\/jazassur.com\/index.php\/wp-json\/wp\/v2\/pages"}],"about":[{"href":"https:\/\/jazassur.com\/index.php\/wp-json\/wp\/v2\/types\/page"}],"author":[{"embeddable":true,"href":"https:\/\/jazassur.com\/index.php\/wp-json\/wp\/v2\/users\/1"}],"replies":[{"embeddable":true,"href":"https:\/\/jazassur.com\/index.php\/wp-json\/wp\/v2\/comments?post=5"}],"version-history":[{"count":92,"href":"https:\/\/jazassur.com\/index.php\/wp-json\/wp\/v2\/pages\/5\/revisions"}],"predecessor-version":[{"id":368,"href":"https:\/\/jazassur.com\/index.php\/wp-json\/wp\/v2\/pages\/5\/revisions\/368"}],"wp:attachment":[{"href":"https:\/\/jazassur.com\/index.php\/wp-json\/wp\/v2\/media?parent=5"}],"curies":[{"name":"wp","href":"https:\/\/api.w.org\/{rel}","templated":true}]}}